alse
Does 110 divide 6490?
True
Is 91 a factor of 1463?
False
Is 38704 a multiple of 4?
True
Is 8 a factor of 344?
True
Is 36 a multiple of 6?
True
Is 17 a factor of 8926?
False
Is 850 a multiple of 25?
True
Does 20 divide 880?
True
Is 8 a factor of 36552?
True
Is 74 a factor of 52418?
False
Is 1862 a multiple of 133?
True
Does 9 divide 48600?
True
Is 33 a factor of 13497?
True
Is 200 a factor of 8200?
True
Is 2875 a multiple of 125?
True
Is 3484 a multiple of 13?
True
Does 11 divide 8074?
True
Is 89072 a multiple of 16?
True
Does 135 divide 32130?
True
Is 52 a factor of 2297?
False
Is 20 a factor of 860?
True
Does 39 divide 8970?
True
Is 43 a factor of 4859?
True
Is 368 a multiple of 9?
False
Is 4 a factor of 3044?
True
Does 321 divide 38841?
True
Is 460 a multiple of 5?
True
Is 379 a multiple of 4?
False
Is 289 a factor of 11858?
False
Is 7 a factor of 15106?
True
Is 161 a factor of 5478?
False
Is 23299 a multiple of 76?
False
Is 77 a factor of 1756?
False
Is 84 a multiple of 2?
True
Is 1936 a multiple of 176?
True
Is 2 a factor of 42?
True
Is 2926 a multiple of 14?
True
Is 10 a factor of 8136?
False
Is 1157 a multiple of 13?
True
Is 33369 a multiple of 61?
False
Is 6721 a multiple of 71?
False
Is 17 a factor of 54966?
False
Is 4763 a multiple of 26?
False
Is 350 a multiple of 9?
False
Is 672 a multiple of 21?
True
Does 11 divide 2563?
True
Is 396 a multiple of 4?
True
Is 12 a factor of 94572?
True
Does 7 divide 868?
True
Does 22 divide 7348?
True
Is 324 a multiple of 7?
False
Is 12 a factor of 2568?
True
Is 28 a factor of 26912?
False
Does 13 divide 286?
True
Is 21191 a multiple of 47?
False
Does 12 divide 338?
False
Is 14 a factor of 252?
True
Is 14 a factor of 37436?
True
Is 5532 a multiple of 4?
True
Is 67158 a multiple of 38?
False
Does 39 divide 6942?
True
Does 8 divide 752?
True
Is 35832 a multiple of 34?
False
Is 143 a factor of 18092?
False
Is 4 a factor of 220?
True
Is 49 a factor of 2989?
True
Is 20 a factor of 1160?
True
Is 26 a factor of 4550?
True
Is 64 a factor of 1449?
False
Is 20 a factor of 1111?
False
Does 30 divide 5790?
True
Is 19510 a multiple of 53?
False
Does 115 divide 8280?
True
Is 2714 a multiple of 118?
True
Is 17 a factor of 485?
False
Is 531 a multiple of 24?
False
Does 8 divide 15752?
True
Does 18 divide 23616?
True
Does 51 divide 1518?
False
Does 26 divide 1195?
False
Is 18684 a multiple of 173?
True
Does 36 divide 647?
False
Is 35 a factor of 26285?
True
Is 2898 a multiple of 42?
True
Is 212 a multiple of 23?
False
Is 11326 a multiple of 14?
True
Is 26929 a multiple of 84?
False
Is 4 a factor of 828?
True
Is 11746 a multiple of 7?
True
Is 202 a factor of 83830?
True
Is 207 a multiple of 9?
True
Is 2150 a multiple of 43?
True
Is 12 a factor of 621?
False
Is 25 a factor of 41950?
True
Is 5828 a multiple of 31?
True
Is 45 a factor of 872?
False
Is 35652 a multiple of 224?
False
Is 32040 a multiple of 24?
True
Is 36 a factor of 1955?
False
Is 84 a factor of 756?
True
Is 13 a factor of 27665?
False
Is 3045 a multiple of 35?
True
Is 672 a multiple of 16?
True
Does 15 divide 1522?
False
Does 131 divide 4040?
False
Does 30 divide 591?
False
Is 27510 a multiple of 30?
True
Does 3 divide 1310?
False
Is 1176 a multiple of 162?
False
Does 30 divide 58500?
True
Is 81405 a multiple of 260?
False
Does 18 divide 24310?
False
Does 16 divide 48?
True
Is 61 a factor of 9211?
True
Is 7 a factor of 91?
True
Is 84668 a multiple of 156?
False
Is 26 a factor of 2548?
True
Does 15 divide 373?
False
Is 15 a factor of 507?
False
Is 11 a factor of 6679?
False
Does 75 divide 229?
False
Does 123 divide 11931?
True
Does 149 divide 14155?
True
Is 19 a factor of 53960?
True
Is 794 a multiple of 13?
False
Does 106 divide 424?
True
Does 425 divide 18700?
True
Does 12 divide 3067?
False
Is 25205 a multiple of 27?
False
Is 2382 a multiple of 30?
False
Is 764 a multiple of 16?
False
Is 185 a factor of 13320?
True
Is 96005 a multiple of 69?
False
Is 6432 a multiple of 134?
True
Is 2040 a multiple of 23?
False
Is 109279 a multiple of 43?
False
Is 11126 a multiple of 11?
False
Does 13 divide 4103?
False
Is 6302 a multiple of 78?
False
Is 448 a multiple of 16?
True
Does 13 divide 143?
True
Is 26 a factor of 53482?
True
Is 6 a factor of 185?
False
Is 30 a factor of 2970?
True
Is 10477 a multiple of 16?
False
Does 16 divide 165?
False
Is 38 a multiple of 21?
False
Is 15 a factor of 627?
False
Is 31 a factor of 341?
True
Is 28750 a multiple of 10?
True
Is 1743 a multiple of 21?
True
Does 21 divide 38719?
False
Is 14832 a multiple of 103?
True
Is 15 a factor of 1095?
True
Is 13 a factor of 87009?
True
Is 679 a multiple of 7?
True
Is 1920 a multiple of 16?
True
Does 26 divide 3100?
False
Is 7 a factor of 1668?
False
Is 33 a factor of 20592?
True
Is 77 a factor of 21945?
True
Is 13 a factor of 1663?
False
Is 13 a factor of 2275?
True
Is 2784 a multiple of 16?
True
Is 209 a factor of 7428?
False
Is 6 a factor of 108?
True
Does 99 divide 2558?
False
Does 33 divide 11815?
False
Is 21 a factor of 6581?
False
Does 21 divide 252?
True
Is 24 a factor of 978?
False
Does 26 divide 338?
True
Is 21 a factor of 294?
True
Is 6 a factor of 8036?
False
Does 48 divide 4848?
True
Is 7290 a multiple of 135?
True
Is 28817 a multiple of 28?
False
Is 1759 a multiple of 17?
False
Is 114 a factor of 7638?
True
Is 66 a factor of 8184?
True
Does 63 divide 97228?
False
Does 45 divide 1571?
False
Does 6 divide 1375?
False
Does 74 divide 19915?
False
Does 2 divide 5651?
False
Is 8860 a multiple of 10?
True
Does 6 divide 246?
True
Is 1827 a multiple of 8?
False
Is 64 a factor of 9579?
False
Is 234 a multiple of 9?
True
Is 81 a factor of 29403?
True
Does 159 divide 54537?
True
Is 363 a multiple of 27?
False
Is 2645 a multiple of 25?
False
Does 19 divide 63?
False
Does 6 divide 104?
False
Does 95 divide 2649?
False
Is 26 a factor of 492?
False
Is 185 a multiple of 37?
True
Is 16 a factor of 408?
False
Is 41 a factor of 1253?
False
Is 11 a factor of 12850?
False
Is 742 a multiple of 12?
False
Is 15105 a multiple of 53?
True
Does 19 divide 38114?
True
Is 97 a factor of 2978?
False
Is 4 a factor of 400?
True
Is 90 a multiple of 2?
True
Is 3 a factor of 1584?
True
Does 105 divide 4830?
True
Is 11 a factor of 160?
False
Is 21 a factor of 588?
True
Is 2861 a multiple of 30?
False
Does 37 divide 935?
False
Is 22124 a multiple of 20?
False
Is 169176 a multiple of 56?
True
Is 289 a multiple of 17?
True
Does 10 divide 1650?
True
Does 21 divide 8820?
True
Is 939 a multiple of 16?
False
Is 11 a factor of 3069?
True
Does 37 divide 9657?
True
Is 531 a multiple of 16?
False
Does 32 divide 4619?
False
Is 10 a factor of 390?
True
Is 816 a multiple of 17?
True
Is 38 a factor of 35188?
True
Is 14 a factor of 13577?
False
Is 14 a factor of 6329?
False
Is 143 a factor of 984?
False
Does 82 divide 21238?
True
Is 1704 a multiple of 29?
False
Does 37 divide 2590?
True
Is 17721 a multiple of 26?
False
Is 25 a factor of 2000?
True
Does 33 divide 693?
True
Is 132 a multiple of 11?
True
Is 116 a factor of 14036?
True
Does 4 divide 9236?
True
Is 48 a factor of 1920?
True
Is 83163 a multiple of 19?
True
Is 3 a factor of 103?
False
Does 19 divide 4613?
False
Is 6722 a multiple of 10?
False
Does 233 divide 4475?
False
Does 54 divide 10368?
True
Does 3 divide 1914?
True
Does 194 divide 56260?
True
Does 49 divide 16611?
True
Does 59 divide 44301?
False
Is 7886 a multiple of 10?
False
Does 14 divide 70?
True
Is 9797 a multiple of 101?
True
Is 1419 a multiple of 21?
False
Is 523 a multiple of 40?
False
Is 17244 a multiple of 23?
False
Does 57 divide 2025?
False
Does 41 divide 3893?
False
Is 5374 a multiple of 11?
False
Is 6 a factor of 1031?
False
Does 104 divide 2811?
False
Is 656 a multiple of 82?
True
Is 142 a factor of 129396?
False
Is 25 a factor of 550?
True
Is 40 a factor of 40?
True
Is 5642 a multiple of 7?
True
Is 18 a factor of 5832?
True
Is 20446 a multiple of 12?
False
Does 14 divide 994?
True
Is 22 a factor of 1254?
True
Does 15 divide 3165?
True
Is 15 a factor of 328?
False
Does 20 divide 2130?
False
Is 1916 a multiple of 55?
False
Does 51 divide 3621?
True
Is 26 a factor of 8970?
True
Does 49 divide 2125?
False
Is 14 a factor of 158?
False
Is 59358 a multiple of 78?
True
Does 109 divide 1667?
False
Doe